= -13*g(h) - 6*n(h). Let a = -9 - -5. Calculate p(a).
-7
Suppose h = -0*h - 2. Let x(i) = 7*i**2 + 1 - 6*i**2 - 3*i + 5*i + i**3. What is x(h)?
-7
Let x(i) be the second derivative of i**5/20 - i**4/2 + i**3/6 - 2*i**2 + 2*i. Let d be x(6). Suppose d*q = -5 - 5. Let k(u) = 2*u + 1. Determine k(q).
-9
Let g(s) be the third derivative of s**5/20 + s**4/24 + 20*s**2. What is g(2)?
14
Let r(t) = -t**3 + t**2 + t + 9. Let n be (-4 + 5 - 1)/(-2). What is r(n)?
9
Let w(k) = -k**3 + 6*k**2 - 2*k + 8. Let h(x) = -x**2 - 6*x - 2. Let p be h(-4). Let d be w(p). Let i(s) = s + 5. Give i(d).
1
Let q(g) = 2 + 2 - 3 - g. Let c = 1 + 2. Suppose c*p - 2*p + 1 = 0. Determine q(p).
2
Let k = -3 + 2. Let o(y) = 307*y - 307*y + 4*y**2. Determine o(k).
4
Suppose 0*s + 20 = -4*s. Let i(y) = y + 3. Give i(s).
-2
Let g(o) be the second derivative of 1/3*o**3 + 1/2*o**2 - 1/4*o**4 - 4*o + 0. What is g(-1)?
-4
Let b(g) = -g**2 + 5*g - 1. Let n be b(4). Let d = 7 - n. Let k(x) = x**2 - 9*x - 7. Let s(v) = -v**2 + 8*v + 6. Let o(h) = -4*k(h) - 5*s(h). Give o(d).
-2
Let v(h) = 0*h + 0*h + 2 - h. Suppose w + w - 16 = -3*o, 0 = 5*o + 3*w - 25. Let d be (2 - 1) + 2/o. Give v(d).
0
Let z(h) = 4*h**3 + 4*h**2 - h + 5. Let n(m) = -5*m**3 - 5*m**2 + m - 6. Let i(l) = -5*n(l) - 6*z(l). What is i(-2)?
-6
Let a(o) be the second derivative of o**3/3 - 3*o**2/2 - 8*o. What is a(4)?
5
Let m(g) = -48*g - 38*g + 93*g. Let q be ((-3)/9)/((-1)/(-3)). What is m(q)?
-7
Let i(f) = f**2 + 5*f - 6. Let d = -6 + 8. Let u = d + -2. Suppose -4*s - 20 = 5*o, u = -4*s + o + 2 - 22. What is i(s)?
-6
Let w(j) be the third derivative of j**5/60 + j**4/24 - j**3/3 - 23*j**2. Determine w(-5).
18
Suppose 5*f + 9 = 44. Suppose 8 = 11*h - f*h. Let x(b) = b**2 - 2*b + 2. Determine x(h).
2
Let p(a) = -a**2 - 7*a - 3. Let u(n) = 2*n**3 - 15*n**2 + 7*n - 6. Let j be u(7). What is p(j)?
3
Let r(l) = -9*l + 72. Let d be r(8). Let c(i) = i - 3. Calculate c(d).
-3
Let d(p) = -8*p**2 - 1. Suppose 2*k + 5*o - 13 = -0, o - 1 = -2*k. What is d(k)?
-9
Let w(y) = 3*y**2 + 1. Let k be w(1). Let v be (2/(-8))/((-6)/72). Let q(f) = -5 + v*f - 6*f + 6*f. Determine q(k).
7
Let n(z) = -z**3 + 4*z**2 + z + 3. Let b = -6 + 10. Calculate n(b).
7
Let l(g) be the first derivative of g**6/120 - g**5/10 + 5*g**4/24 + g**3/6 - g**2/2 + 3. Let q(k) be the second derivative of l(k). What is q(5)?
1
Let y(w) = -w + 1. Let j = 16 - 11. Suppose 0 = 5*d + t + 24, -3*d + 0*t - 32 = j*t. Calculate y(d).
5
Let i(l) = l**2 + l + 1. Let c(f) = 6*f**2 + 6*f + 23. Let s(j) = -c(j) + 5*i(j). What is s(0)?
-18
Let d(l) be the second derivative of l + 0*l**3 + 0*l**2 + 1/12*l**4 - 1/180*l**6 + 0 - 1/120*l**5. Let u(r) be the third derivative of d(r). Calculate u(-1).
3
Let f(y) be the first derivative of -y**2/2 - y - 9. Determine f(-7).
6
Let c(y) = -y**2 - 3 - 6*y**3 + 1 - 2 + 5. Let u = 63 - 39. Let z be 6/u + 5/(-4). Determine c(z).
6
Let s(g) = 5*g - 9*g**2 + 1 - 8*g**2 + 8 + 3*g. Let r be 2/(-3)*78/(-4). Let k(d) = 8*d**2 - 4*d - 4. Let y(a) = r*k(a) + 6*s(a). What is y(2)?
2
Let f = -8 + 3. Let i be 10/(-25) + 8/f. Let s(d) = 2*d - 1. Give s(i).
-5
Let u(t) = 4*t + 3. Let i(x) = x + 1. Let j(b) = -2*i(b) + u(b). Determine j(1).
3
Let l(b) be the first derivative of -b**6/60 - b**4/24 - 2*b**3 + 4. Let u(v) be the third derivative of l(v). Determine u(1).
-7
Let k(d) = d**2 - 8*d + 10. Let x be k(7). Let n(o) = -8 - x*o + 4*o - o**2 + 5. Calculate n(0).
-3
Let b(f) = f**2 - 16*f + 4. Let j be b(16). Let n(a) = 2*a**2 - 7*a + 5. Give n(j).
9
Let f be 39/12 - (-2)/(-8). Suppose 2 = -2*d + 6. Let x(r) = r - 3*r + d + 5*r - r**2. Calculate x(f).
2
Let i(p) = 22*p - 48*p + 27*p + 5. Determine i(-6).
-1
Let j(n) be the second derivative of -1/2*n**3 + 0 - 1/20*n**5 - 2*n + 5/12*n**4 + 5/2*n**2. Determine j(5).
-10
Let n(y) = y**3 - 4*y**2 + 3*y - 1. Let t be n(3). Let h(l) = 5*l**2 - l - 3. Let j(q) = 1. Let a(x) = h(x) + 3*j(x). What is a(t)?
6
Let n(w) = 5*w**3 - 4*w**2 - 3*w - 7. Let m(t) = 9*t**3 - 9*t**2 - 7*t - 15. Let j(g) = -4*m(g) + 7*n(g). Give j(9).
-7
Suppose -5*m - 9 = -8*m. Let d(v) = v**2 + 6*v + 3 - 8*v + m*v + v**3. Determine d(0).
3
Let n(f) = f - 1. Let g(d) = d**2 + 0*d - 1 - 1 - 2 + 11*d. Let u(p) = g(p) - 6*n(p). What is u(-4)?
-2
Suppose -k - 4*k + 2*d = 39, 4 = 2*d. Let t(u) = 2*u + 10. Determine t(k).
-4
Let y be ((-27)/12 + (-2)/(-8))*-2. Let k(c) = -c - 3. Give k(y).
-7
Let d(t) = 3*t - 9. Let f(z) = z - 5. Let y(c) = -2*d(c) + 5*f(c). Let u be 2*(30/(-4))/5. Let h be 0 - (-8)/6*u. Give y(h).
-3
Suppose -v + 4 = 5. Let c(z) be the second derivative of 2*z - 1/12*z**4 + 0 + 0*z**2 - 1/6*z**3. What is c(v)?
0
Let r be (10/3)/(-5 + 34/6). Let k(s) = s**2 - s - 5. What is k(r)?
15
Let i(f) be the third derivative of -f**4/8 + 5*f**2. Let p(w) = 35*w. Let q(b) = -49*i(b) - 4*p(b). Determine q(1).
7
Let j = -2 - -2. Let b(f) = -f**2 + 4*f - 7. Let k(y) = -y. Let u(c) = -b(c) - 3*k(c). Give u(j).
7
Suppose 0 = 4*r + 20, -3*r = -6*p + 5*p + 19. Suppose 0 = c + 2 + 1, -p*d + c + 11 = 0. Let v be 0 + d + 4 - 1. Let y(a) = a - 10. Determine y(v).
-5
Let w(p) = -6*p**3 + p**2 + p. Let n = 13 - 10. Suppose -d = -n*d - 2. Calculate w(d).
6
Let c(a) = -a**3 - 3*a**2 + a - 4. Let r(t) = -4*t + 2. Let m(q) = 5*q - 3. Let w(z) = 3*m(z) + 4*r(z). Let x be w(2). What is c(x)?
-7
Suppose i = 2*i - 7. Let z be i/9 + (-4)/(-18). Let x(w) = -z + w + 3*w**3 - 6*w**3 - 2*w - w**2. Determine x(-1).
2
Suppose 2*u + 12 - 16 = 0. Let h(d) = -d**3 + 3*d**2 + 2*d - 2. Give h(u).
6
Let v = -17 + 12. Let c(o) be the third derivative of -o**6/120 - o**5/12 - o**4/24 - o**3/3 - 2*o**2. Give c(v).
3
Let n(v) be the second derivative of -v**4/12 + 5*v**3/6 + 2*v**2 - 4*v. Calculate n(5).
4
Let s(c) = c**2 + 8*c + 4. Let r(f) = -f**3 + 2*f**2 + 4*f - 3. Let k be r(3). Let a be -3 + 2/(-1) + k. Calculate s(a).
-11
Let i = 0 + -2. Let u be -1 + (3/(-3) - i). Let t(c) = -2 + 0 + c**2 - 3*c + c + u*c. Calculate t(-2).
6
Let r(i) be the third derivative of i**5/12 - i**4/24 - i**3/3 + 3*i**2. Let p(x) = x**2 - x - 1. Let m(s) = -4*p(s) + r(s). Give m(-2).
0
Let z(w) be the third derivative of -w**4/24 - 3*w**3/2 - 4*w**2 + 3*w. What is z(-9)?
0
Let v = 19 + -13. Let l(b) = -b**2 + 6*b - 5. Determine l(v).
-5
Let j(t) = -t**3 - t**2 - t - 1. Let w be -1 - 0 - (-1 + 0). Let m be -2 - (-6)/(9/3). Let l be w/(0 - (m + -2)). Calculate j(l).
-1
Suppose 10 = 9*v - 14*v. Let r(c) = -c**2 - 1 + 0 + 3*c + 2 + 2. Determine r(v).
-7
Let o(a) = -2*a + 3. Let c(v) = -v + 1. Let q(m) = -3*c(m) + o(m). What is q(2)?
2
Let n(v) = 7*v - 1. Let g(q) = 4*q - 1. Let s(d) = 5*g(d) - 3*n(d). Give s(4).
-6
Let j(v) = -v**3 - 5*v**2 + v + 6. Let c(o) = 2*o**3 + 4*o**2 + 2*o - 2. Let k be c(-2). Let d = k - -1. Give j(d).
1
Let a(g) = 3*g**2 + 8*g - 7. Let n(o) = 2*o**2 + 7*o - 6. Let l(f) = -3*a(f) + 4*n(f). Suppose 0 = -z + s + 5, 2*s + 2 = -2*z - 0*s. Determine l(z).
1
Let l(r) be the second derivative of r**6/360 - r**4/6 - 2*r**3/3 + 5*r. Let k(f) be the second derivative of l(f). Determine k(0).
-4
Let n(l) = 1 - 2*l + l - 6 + 4. Calculate n(-7).
6
Let c = -2 + 3. Let k(l) be the third derivative of -l**7/168 + l**6/360 + 2*l**3/3 + 3*l**2. Let i(v) be the first derivative of k(v). Calculate i(c).
-4
Let h(x) be the first derivative of -x**4/4 - 7*x**3/3 - 4*x**2 - 6*x - 18. Determine h(-6).
6
Let f(b) = 2 - 4*b + 3*b**2 + 0 - 2*b**2. Suppose 2*u - 6*u - 4 = 0. Let x be (1 - 3)*1/u. Determine f(x).
-2
Suppose -5*n = 7 - 27. Let q(r) = 4*r - n + 5 + 2*r - 5*r. What is q(-3)?
-2
Let p(j) = 5*j - 2*j**2 + 2 - j**3 - 2*j**2 + 0*j**3. Suppose d = 2 + 4. Let y = -11 + d. Give p(y).
2
Let q(j) be the first derivative of -3*j**4/2 + 8*j**3/3 + 9*j**2/2 + 4*j + 3. Let t(d) = d**3 - d**2 - d. Let i(f) = -q(f) - 5*t(f). Determine i(4).
-4
Let l be -8*(-33)/6 + -2. Let o be ((-36)/l)/((-1)/7). Let h(k) = 1 - k + 3*k - k**2 - o*k**3 - 2*k - k. What is h(1)?
-7
Let i(l) = -1. Let z(d) = -d**2 - 7*d + 1. Let o(c) = 4*i(c) + z(c). Let k(v) = v**2 + 7*v + 2. Let y(f) = 3*k(f) + 4*o(f). Calculate y(-6).
0
Let w(d) = d**2 - 8*d + 2. Let n(p) = -10 + p**2 - 6 - p + 10. Let b be n(4). Give w(b).
-10
Let z(y) = -y**2 - 7*y - 8. Let h be z(-6). Let q(g) = -g - 1. Give q(h).
1
Let r(g) be the second deriv